{"id":1995,"date":"2022-11-30T21:34:00","date_gmt":"2022-11-30T20:34:00","guid":{"rendered":"http:\/\/information-crise-sanitaire.ricod.net\/?page_id=1995"},"modified":"2022-12-02T09:58:23","modified_gmt":"2022-12-02T08:58:23","slug":"publications","status":"publish","type":"page","link":"http:\/\/information-crise-sanitaire.ricod.net\/index.php\/publications\/","title":{"rendered":"Publications"},"content":{"rendered":"\n<p>Arruabarrena, B. (2022). Gouverner par la communication comportementale en temps de crise sanitaire: L\u2019argument comportementaliste comme nouveau paradigme de l\u2019action publique en sant\u00e9.&nbsp;<em>Approches Th\u00e9oriques en Information-Communication (ATIC)<\/em>, 5, 79-90.&nbsp;<a href=\"https:\/\/doi-org.proxybib-pp.cnam.fr\/10.3917\/atic.005.0079\"><\/a><a href=\"https:\/\/doi.org\/10.3917\/atic.005.0079\">https:\/\/doi.org\/10.3917\/atic.005.0079<\/a><\/p>\n\n\n\n<p><\/p>\n\n\n\n<p>Zacklad&nbsp;, M. (2022).&nbsp;Communication instituante et confusion des institutions signifiantes : approche critique de la communication en sant\u00e9 pendant la crise du Covid.&nbsp;<em><a href=\"https:\/\/hal.archives-ouvertes.fr\/hal-03655304\" data-type=\"URL\" data-id=\"https:\/\/hal.archives-ouvertes.fr\/hal-03655304\" target=\"_blank\" rel=\"noreferrer noopener\">Un monde de crises au prisme des communications organisationnelles<\/a><\/em>, Universit\u00e9 Catholique de Louvain = Catholic University of Louvain [UCL], May 2022, Mons, Belgique.<\/p>\n\n\n\n<p><\/p>\n\n\n\n<p>Zacklad, M. (2022). Carnet de controverses en temps de Covid&nbsp;: pour une autre communication de crise en sant\u00e9.&nbsp;<em>Approches Th\u00e9oriques en Information-Communication (ATIC)<\/em>, 5, 113-142.<a href=\"https:\/\/doi.org\/10.3917\/atic.005.0113\"> <\/a><a href=\"https:\/\/doi.org\/10.3917\/atic.005.0113\">https:\/\/doi.org\/10.3917\/atic.005.0113<\/a><\/p>\n\n\n\n<p><\/p>\n\n\n\n<p>Arruabarrena, B.&nbsp;(\u00e0 para\u00eetre). Le design des politiques publiques \u00e0 l\u2019\u00e9preuve du comportementalisme : \u00c9tude du design comportemental de l\u2019action publique en temps de pand\u00e9mie (France).&nbsp;<em>Sciences du Design<\/em>. (<a rel=\"noreferrer noopener\" href=\"http:\/\/www.gds.umontreal.ca\/idd\/prix-intersections-du-design\/\" target=\"_blank\">Prix Intersection du design 2022<\/a>)<\/p>\n\n\n\n<div class=\"is-layout-flex wp-container-3 wp-block-columns\">\n<div class=\"is-layout-flow wp-block-column\" style=\"flex-basis:100%\">\n<div class=\"is-layout-flow wp-block-group\"><div class=\"wp-block-group__inner-container\">\n<p><\/p>\n\n\n\n<figure class=\"wp-block-image size-full\"><img decoding=\"async\" loading=\"lazy\" width=\"204\" height=\"288\" src=\"http:\/\/information-crise-sanitaire.ricod.net\/wp-content\/uploads\/2022\/11\/ATIC_005.jpeg\" alt=\"\" class=\"wp-image-1948\"\/><\/figure>\n<\/div><\/div>\n<\/div>\n<\/div>\n\n\n\n<div class=\"is-layout-flex wp-container-5 wp-block-columns\">\n<div class=\"is-layout-flow wp-block-column\" style=\"flex-basis:100%\">\n<figure class=\"wp-block-image size-medium\"><img decoding=\"async\" loading=\"lazy\" width=\"194\" height=\"300\" src=\"http:\/\/information-crise-sanitaire.ricod.net\/wp-content\/uploads\/2022\/12\/Capture-decran-2022-12-02-a-09.55.59-194x300.png\" alt=\"\" class=\"wp-image-2017\" srcset=\"http:\/\/information-crise-sanitaire.ricod.net\/wp-content\/uploads\/2022\/12\/Capture-decran-2022-12-02-a-09.55.59-194x300.png 194w, http:\/\/information-crise-sanitaire.ricod.net\/wp-content\/uploads\/2022\/12\/Capture-decran-2022-12-02-a-09.55.59.png 580w\" sizes=\"(max-width: 194px) 100vw, 194px\" \/><\/figure>\n<\/div>\n<\/div>\n","protected":false},"excerpt":{"rendered":"<p>Arruabarrena, B. (2022). Gouverner par la communication comportementale en temps de crise sanitaire: L\u2019argument comportementaliste comme nouveau paradigme de l\u2019action publique en sant\u00e9.&nbsp;Approches Th\u00e9oriques en Information-Communication (ATIC), 5, 79-90.&nbsp;https:\/\/doi.org\/10.3917\/atic.005.0079 Zacklad&nbsp;, M. (2022).&nbsp;Communication instituante et confusion des institutions signifiantes : approche<\/p>\n","protected":false},"author":4,"featured_media":0,"parent":0,"menu_order":0,"comment_status":"closed","ping_status":"closed","template":"","meta":{"om_disable_all_campaigns":false,"_monsterinsights_skip_tracking":false,"_monsterinsights_sitenote_active":false,"_monsterinsights_sitenote_note":"","_monsterinsights_sitenote_category":0},"_links":{"self":[{"href":"http:\/\/information-crise-sanitaire.ricod.net\/index.php\/wp-json\/wp\/v2\/pages\/1995"}],"collection":[{"href":"http:\/\/information-crise-sanitaire.ricod.net\/index.php\/wp-json\/wp\/v2\/pages"}],"about":[{"href":"http:\/\/information-crise-sanitaire.ricod.net\/index.php\/wp-json\/wp\/v2\/types\/page"}],"author":[{"embeddable":true,"href":"http:\/\/information-crise-sanitaire.ricod.net\/index.php\/wp-json\/wp\/v2\/users\/4"}],"replies":[{"embeddable":true,"href":"http:\/\/information-crise-sanitaire.ricod.net\/index.php\/wp-json\/wp\/v2\/comments?post=1995"}],"version-history":[{"count":3,"href":"http:\/\/information-crise-sanitaire.ricod.net\/index.php\/wp-json\/wp\/v2\/pages\/1995\/revisions"}],"predecessor-version":[{"id":2018,"href":"http:\/\/information-crise-sanitaire.ricod.net\/index.php\/wp-json\/wp\/v2\/pages\/1995\/revisions\/2018"}],"wp:attachment":[{"href":"http:\/\/information-crise-sanitaire.ricod.net\/index.php\/wp-json\/wp\/v2\/media?parent=1995"}],"curies":[{"name":"wp","href":"https:\/\/api.w.org\/{rel}","templated":true}]}}

<p>Arruabarrena, B. (2022). Gouverner par la communication comportementale en temps de crise sanitaire: L’argument comportementaliste comme nouveau paradigme de l’action publique en santé.&nbsp;<em>Approches Théoriques en Information-Communication (ATIC)</em>, 5, 79-90.&nbsp;<a href="https://doi-org.proxybib-pp.cnam.fr/10.3917/atic.005.0079"></a><a href="https://doi.org/10.3917/atic.005.0079">https://doi.org/10.3917/atic.005.0079</a></p>



<p></p>



<p>Zacklad&nbsp;, M. (2022).&nbsp;Communication instituante et confusion des institutions signifiantes : approche critique de la communication en santé pendant la crise du Covid.&nbsp;<em><a href="https://hal.archives-ouvertes.fr/hal-03655304" data-type="URL" data-id="https://hal.archives-ouvertes.fr/hal-03655304" target="_blank" rel="noreferrer noopener">Un monde de crises au prisme des communications organisationnelles</a></em>, Université Catholique de Louvain = Catholic University of Louvain [UCL], May 2022, Mons, Belgique.</p>



<p></p>



<p>Zacklad, M. (2022). Carnet de controverses en temps de Covid&nbsp;: pour une autre communication de crise en santé.&nbsp;<em>Approches Théoriques en Information-Communication (ATIC)</em>, 5, 113-142.<a href="https://doi.org/10.3917/atic.005.0113"> </a><a href="https://doi.org/10.3917/atic.005.0113">https://doi.org/10.3917/atic.005.0113</a></p>



<p></p>



<p>Arruabarrena, B.&nbsp;(à paraître). Le design des politiques publiques à l’épreuve du comportementalisme : Étude du design comportemental de l’action publique en temps de pandémie (France).&nbsp;<em>Sciences du Design</em>. (<a rel="noreferrer noopener" href="http://www.gds.umontreal.ca/idd/prix-intersections-du-design/" target="_blank">Prix Intersection du design 2022</a>)</p>



<div class="is-layout-flex wp-container-3 wp-block-columns">
<div class="is-layout-flow wp-block-column" style="flex-basis:100%">
<div class="is-layout-flow wp-block-group"><div class="wp-block-group__inner-container">
<p></p>



<figure class="wp-block-image size-full"><img decoding="async" loading="lazy" width="204" height="288" src="http://information-crise-sanitaire.ricod.net/wp-content/uploads/2022/11/ATIC_005.jpeg" alt="" class="wp-image-1948"/></figure>
</div></div>
</div>
</div>



<div class="is-layout-flex wp-container-5 wp-block-columns">
<div class="is-layout-flow wp-block-column" style="flex-basis:100%">
<figure class="wp-block-image size-medium"><img decoding="async" loading="lazy" width="194" height="300" src="http://information-crise-sanitaire.ricod.net/wp-content/uploads/2022/12/Capture-decran-2022-12-02-a-09.55.59-194x300.png" alt="" class="wp-image-2017" srcset="http://information-crise-sanitaire.ricod.net/wp-content/uploads/2022/12/Capture-decran-2022-12-02-a-09.55.59-194x300.png 194w, http://information-crise-sanitaire.ricod.net/wp-content/uploads/2022/12/Capture-decran-2022-12-02-a-09.55.59.png 580w" sizes="(max-width: 194px) 100vw, 194px" /></figure>
</div>
</div>

<p>Arruabarrena, B. (2022). Gouverner par la communication comportementale en temps de crise sanitaire: L’argument comportementaliste comme nouveau paradigme de l’action publique en santé.&nbsp;Approches Théoriques en Information-Communication (ATIC), 5, 79-90.&nbsp;https://doi.org/10.3917/atic.005.0079 Zacklad&nbsp;, M. (2022).&nbsp;Communication instituante et confusion des institutions signifiantes : approche</p>
